{"id":23,"date":"2025-07-02T09:38:11","date_gmt":"2025-07-02T07:38:11","guid":{"rendered":"http:\/\/localhost\/agroberza.com.mk\/?page_id=23"},"modified":"2025-07-08T10:31:15","modified_gmt":"2025-07-08T08:31:15","slug":"%d0%b7%d0%b0-%d0%bd%d0%b0%d1%81","status":"publish","type":"page","link":"https:\/\/agroberza.com.mk\/alb\/?page_id=23","title":{"rendered":"P\u00ebr Neve"},"content":{"rendered":"\n<div class=\"wp-block-columns is-layout-flex wp-container-core-columns-is-layout-9d6595d7 wp-block-columns-is-layout-flex\">\n<div class=\"wp-block-column is-layout-flow wp-block-column-is-layout-flow\">\n<h2 class=\"wp-block-heading\">Rreth NP Agro berza<\/h2>\n\n\n\n<p>Formimi i burs\u00ebs s\u00eb par\u00eb bujq\u00ebsore t\u00eb maqedonis\u00eb erdhi si rezultat i ndryshimeve thelb\u00ebsore shoq\u00ebrore ekonomike dhe politike dhe pavarsis\u00eb s\u00eb Republik\u00ebs t\u00eb Maqedonis\u00eb n\u00eb fillimin e viteve 90-ta. N\u00eb pajtim me orientimin kah kushtet e pun\u00ebs s\u00eb tregtis N.P. p\u00ebr pun\u00eb t\u00eb burs\u00ebs AGRO-BERZA Shkup \u00ebsht\u00eb formuar nga ligji baz\u00eb p\u00ebr burs\u00ebn e prodhimeve ushqimore bujq\u00ebsore i sjellur m\u00eb 13 maj 1992 prej Kuvendit t\u00eb Republik\u00ebs s\u00eb Maqedonis\u00eb. Synimi baz\u00eb i N.P. \u00ebsht\u00eb organizimi i lidhjes dhe nd\u00ebrmjetsimit n\u00eb ofert\u00eb dhe k\u00ebrkes\u00eb t\u00eb prodhimeve ushqimore bujq\u00ebsore. Ekzistimi i burs\u00ebs t\u00eb specializuar AGRO-BERZA bazohet edhe nga tradita e para luft\u00ebs s\u00eb dyt\u00eb bot\u00ebrore, kur n\u00eb teritorin e Maqedonis\u00eb me sukses funksiononte bursa e Shkupit, si dhe mallrat e burs\u00ebs t\u00eb specializuara p\u00ebr prodhime ushqimore bujq\u00ebsore n\u00eb Shkup dhe Manastir. Sipas statusit t\u00eb burs\u00ebs ajo \u00ebshte N.P. n\u00eb pron\u00ebsi shtet\u00ebrore.Statusin juridik t\u00eb saj mund ta ndryshojn\u00eb me nj\u00eb nga llojet t\u00eb nd\u00ebrmarjes me pron\u00ebsi t\u00eb p\u00ebrziera q\u00eb do t\u00eb thot\u00eb se jan\u00eb t\u00eb nd\u00ebrtuara n\u00eb kushtet e mjaftueshme ligjore n\u00eb investimin e kapitalit prej partner\u00ebve t\u00eb huaj dhe t\u00eb vendit. N\u00eb k\u00ebt\u00eb kuptim, me politik\u00ebn p\u00ebr bashkpunim t\u00eb nd\u00ebrmarjes parashikohen mund\u00ebsi per bashkpunim me partner\u00eb t\u00eb huaj dhe p\u00ebr pjesmarjen aktive t\u00eb tyre n\u00eb pun\u00ebn e burs\u00ebs. N\u00eb pun\u00ebn e deritanishme n\u00eb AGRO-BERZA ka arritur t\u00eb vendos kontakte pune si dhe kontrata p\u00ebr bashkpunim me shum\u00eb bursa jasht\u00eb vendit, konkretisht\u00eb jan\u00eb vendosur kontakte dhe bashk\u00ebpunim me burs\u00ebn n\u00eb NOVI SAD, LUBJAN\u00eb, BEOGRAD, BUDAPEST, me bursat HOLANDEZE n\u00eb si dhe me bursat n\u00eb IZMIR, ISTAMBULL, dhe bursat tjera.<\/p>\n<\/div>\n\n\n\n<div class=\"wp-block-column is-layout-flow wp-block-column-is-layout-flow\">\n<figure class=\"wp-block-image size-full\"><img loading=\"lazy\" decoding=\"async\" width=\"640\" height=\"560\" src=\"http:\/\/localhost\/agroberza.com.mk\/wp-content\/uploads\/2025\/07\/seedling-01.png\" alt=\"\" class=\"wp-image-24\" srcset=\"https:\/\/agroberza.com.mk\/alb\/wp-content\/uploads\/2025\/07\/seedling-01.png 640w, https:\/\/agroberza.com.mk\/alb\/wp-content\/uploads\/2025\/07\/seedling-01-300x263.png 300w\" sizes=\"auto, (max-width: 640px) 100vw, 640px\" \/><\/figure>\n<\/div>\n<\/div>\n\n\n\n<div class=\"wp-block-columns is-layout-flex wp-container-core-columns-is-layout-9d6595d7 wp-block-columns-is-layout-flex\">\n<div class=\"wp-block-column is-layout-flow wp-block-column-is-layout-flow\">\n<figure class=\"wp-block-image size-full\"><img loading=\"lazy\" decoding=\"async\" width=\"640\" height=\"560\" src=\"http:\/\/localhost\/agroberza.com.mk\/wp-content\/uploads\/2025\/07\/seedling-01.png\" alt=\"\" class=\"wp-image-24\" srcset=\"https:\/\/agroberza.com.mk\/alb\/wp-content\/uploads\/2025\/07\/seedling-01.png 640w, https:\/\/agroberza.com.mk\/alb\/wp-content\/uploads\/2025\/07\/seedling-01-300x263.png 300w\" sizes=\"auto, (max-width: 640px) 100vw, 640px\" \/><\/figure>\n<\/div>\n\n\n\n<div class=\"wp-block-column is-layout-flow wp-block-column-is-layout-flow\">\n<h2 class=\"wp-block-heading\">Rishikimi historik dhe formimi i NP AGRO BERZA<\/h2>\n\n\n\n<p>Tregu maqedonas \u00ebsht\u00eb shum\u00eb i vog\u00ebl p\u00ebr t\u00eb pranuar t\u00eb gjith\u00eb prodhimin e produkteve bujq\u00ebsore dhe ushqimore. P\u00ebr shkak t\u00eb k\u00ebsaj, nj\u00eb pjes\u00eb e madhe e prodhimit bujq\u00ebsor u vendos n\u00eb ish-Jugosllavi dhe vendet e Evrop\u00ebs Lindore. P\u00ebr shkak t\u00eb humbjes s\u00eb k\u00ebtyre tregjeve, lindi nevoja p\u00ebr gjetjen e tregjeve t\u00eb reja ku Republika e Maqedonis\u00eb do t\u00eb mund t\u00eb shiste tepricat e saj.<\/p>\n\n\n\n<p>Me q\u00ebllim t\u00eb rritjes s\u00eb eksportit t\u00eb produkteve bujq\u00ebsore dhe ushqimore, Kuvendi i Republik\u00ebs s\u00eb Maqedonis\u00eb ka vendosur t\u00eb themeloj\u00eb Nd\u00ebrmarrjen Publike AGRO BURSA si nd\u00ebrmarrje e specializuar q\u00eb do t\u00eb ndihmoj\u00eb n\u00eb marketingun e produkteve bujq\u00ebsore dhe ushqimore, para s\u00eb gjithash n\u00eb tregtimin e k\u00ebtyre produkteve n\u00eb tregjet e huaja.<\/p>\n\n\n\n<p>N\u00eb p\u00ebrputhje me orientimin drejt kushteve t\u00eb tregut p\u00ebr funksionim, Kuvendi i Republik\u00ebs s\u00eb Maqedonis\u00eb m\u00eb 13.05.1992 miratoi &#8220;Ligji p\u00ebr burs\u00ebn e produkteve bujq\u00ebsore dhe ushqimore&#8221; dhe &#8220;Vendimin p\u00ebr themelimin e nd\u00ebrmarrjes publike p\u00ebr shk\u00ebmbim t\u00eb mallrave Agro-Bursa&#8221; botuar n\u00eb Gazet\u00ebn Zyrtare t\u00eb Republik\u00ebs s\u00eb Maqedonis\u00eb nr.32\/92. N\u00eb pajtim me k\u00ebt\u00eb ligj dhe me vendim t\u00eb Kuvendit t\u00eb Republik\u00ebs s\u00eb Maqedonis\u00eb, \u00ebsht\u00eb krijuar korniz\u00eb ligjore p\u00ebr funksionimin e N.P. Agro Bursa a Shkup.<\/p>\n\n\n\n<p>Kushtet reale p\u00ebr fillimin e pun\u00ebs s\u00eb k\u00ebsaj nd\u00ebrmarrje jan\u00eb plot\u00ebsuar pas vendimit p\u00ebr miratimin e Statutit t\u00eb NP Agro-Bursa Shkup nga Qeveria e Republik\u00ebs s\u00eb Maqedonis\u00eb n\u00eb seanc\u00ebn e tridhjet\u00eb e kat\u00ebrt t\u00eb mbajtur m\u00eb 19.01.1998.<\/p>\n\n\n\n<p>N\u00eb fillim t\u00eb vitit 1998 filloi plot\u00ebsimi teknik dhe personel i kompanis\u00eb.<\/p>\n<\/div>\n<\/div>\n\n\n\n<div class=\"wp-block-columns is-layout-flex wp-container-core-columns-is-layout-9d6595d7 wp-block-columns-is-layout-flex\">\n<div class=\"wp-block-column is-layout-flow wp-block-column-is-layout-flow\">\n<div class=\"wp-block-columns is-layout-flex wp-container-core-columns-is-layout-9d6595d7 wp-block-columns-is-layout-flex\">\n<div class=\"wp-block-column is-layout-flow wp-block-column-is-layout-flow\">\n<h2 class=\"wp-block-heading\">Veprimtarit\u00eb e berz\u00ebs<\/h2>\n\n\n\n<p>N\u00eb kuad\u00ebr t\u00eb burs\u00ebs b\u00ebhen:<\/p>\n\n\n\n<ul class=\"wp-block-list\">\n<li>Kontrata p\u00ebr shitblerjen e mallrave n\u00eb mes antar\u00ebve t\u00eb p\u00ebrkohsh\u00ebm dhe t\u00eb p\u00ebrhersh\u00ebm t\u00eb burs\u00ebs, si dhe me partner\u00eb t\u00eb tjer\u00eb.<\/li>\n\n\n\n<li>Bursa sjell metodat e pun\u00ebs<\/li>\n\n\n\n<li>Organizon m\u00ebnyr\u00ebn aukcionere t\u00eb shitjes s\u00eb prodhimeve t\u00eb paunifikuara dhe jo t\u00eb tipizuara.<\/li>\n\n\n\n<li>Kryen studimin e tregut, jep informacione p\u00ebr gjendjen e ofert\u00ebs dhe k\u00ebrkes\u00ebs t\u00eb mallrave dhe analizon l\u00ebvizjen e \u00e7mimeve t\u00eb burs\u00ebs n\u00eb periudh\u00eb t\u00eb caktuar, si dhe kryen pun\u00ebt e marketingut dhe pun\u00eb tjera.<\/li>\n\n\n\n<li>B\u00ebn kontrollimin e prodhimeve, pregatitjen e prodhimeve, organizon transportin.<\/li>\n\n\n\n<li>Organizon panaire nd\u00ebrkombtare dhe t\u00eb vendit p\u00ebr paraqitjen e prodhimeve bujq\u00ebsore.<\/li>\n<\/ul>\n<\/div>\n\n\n\n<div class=\"wp-block-column is-layout-flow wp-block-column-is-layout-flow\">\n<figure class=\"wp-block-image size-large\"><img loading=\"lazy\" decoding=\"async\" width=\"1024\" height=\"683\" src=\"http:\/\/localhost\/agroberza.com.mk\/wp-content\/uploads\/2025\/07\/agricultural-trade-1024x683.jpg\" alt=\"\" class=\"wp-image-25\" srcset=\"https:\/\/agroberza.com.mk\/alb\/wp-content\/uploads\/2025\/07\/agricultural-trade-1024x683.jpg 1024w, https:\/\/agroberza.com.mk\/alb\/wp-content\/uploads\/2025\/07\/agricultural-trade-300x200.jpg 300w, https:\/\/agroberza.com.mk\/alb\/wp-content\/uploads\/2025\/07\/agricultural-trade-768x512.jpg 768w, https:\/\/agroberza.com.mk\/alb\/wp-content\/uploads\/2025\/07\/agricultural-trade.jpg 1200w\" sizes=\"auto, (max-width: 1024px) 100vw, 1024px\" \/><\/figure>\n<\/div>\n<\/div>\n<\/div>\n<\/div>\n\n\n\n<h2 class=\"wp-block-heading\">Si T\u00eb B\u00ebhem Antar\u00eb i Agro-Berz\u00ebs?<\/h2>\n\n\n\n<p>Antar\u00ebt e Agro-Berz\u00ebs mund t\u00eb jen\u00eb nd\u00ebrmarjet, kooperativat bujq\u00ebsore, prodhues inpidual bujq\u00ebsor si dhe t\u00eb tjer\u00eb persona juridik apo fizik q\u00eb kryejn\u00eb aktivitet n\u00eb prodhim, p\u00ebrpunimin e prodhimeve ushqimore bujq\u00ebsore. Antarsia n\u00eb burs\u00eb mund t\u00eb jet\u00eb e p\u00ebrkohshme dhe e p\u00ebrhershme.<\/p>\n\n\n\n<div class=\"wp-block-columns is-layout-flex wp-container-core-columns-is-layout-9d6595d7 wp-block-columns-is-layout-flex\">\n<div class=\"wp-block-column is-layout-flow wp-block-column-is-layout-flow\">\n<h2 class=\"wp-block-heading\">Antar\u00eb i p\u00ebrhersh\u00ebm<\/h2>\n\n\n\n<p>K\u00ebt\u00eb status mund ta fitojn prodhues inpidual\u00eb bujqsor\u00eb, kooperativat bujq\u00ebsore dhe t\u00eb tjer\u00eb vendas dhe t\u00eb huaj si dhe persona juridik dhe fizik qe kryejn\u00eb aktivite t\u00eb prodhimeve ushqimore bujq\u00ebsore.<\/p>\n\n\n\n<p>P\u00ebr t\u00eb fituar statusin e antarit t\u00eb p\u00ebrhersh\u00ebm prodhuesit bujq\u00ebsor\u00eb t\u00eb nd\u00ebrmarjeve dhe kooperativave duhet:<\/p>\n\n\n\n<ul class=\"wp-block-list\">\n<li>T\u00eb jen\u00eb persona juridik, kurse n\u00eb prodhimet ushqimore bujq\u00ebsore t\u00eb p\u00ebrdorin teknologji moderne dhe masa agroteknike dhe t\u00eb b\u00ebjn\u00eb aktivete nga e cila del nevoja p\u00ebr p\u00ebrhershm\u00ebrin dhe gjat\u00eb koh\u00eb t\u00eb shfryt\u00ebzojn\u00eb mallrat e burs\u00ebs n\u00eb sasi m\u00eb t\u00eb m\u00ebdha.<\/li>\n\n\n\n<li>Duhet t\u00eb posedojn\u00eb kapacitete prodhimi t\u00eb cilat mund\u00ebsojn\u00eb prodhimin normal dhe t\u00eb ardhurat e mallrave bursore n\u00eb sasi t\u00eb m\u00ebdha.<\/li>\n\n\n\n<li>N\u00eb kontuinitet t\u00eb p\u00ebrmirsojn\u00eb kualitetin dhe an\u00eb t\u00eb tjera t\u00eb mallrave bursore n\u00eb pajtim me standardet dhe metodat e v\u00ebrtetuara t\u00eb burs\u00ebs.<\/li>\n\n\n\n<li>Bler\u00ebsit e mallrave t\u00eb burs\u00ebs kan\u00eb renome pozitive t\u00eb pun\u00ebs s\u00eb tyre. Prodhuesit inpidual bujq\u00ebsor n\u00eb m\u00ebnyr\u00eb t\u00eb pamvarur mund t\u00eb fitojn\u00eb status si antar\u00eb I p\u00ebrhersh\u00ebm i burs\u00ebs dhe me antarsim n\u00eb shoqatat e bujq\u00ebve.<\/li>\n<\/ul>\n<\/div>\n\n\n\n<div class=\"wp-block-column is-layout-flow wp-block-column-is-layout-flow\">\n<h2 class=\"wp-block-heading\">K\u00ebRKESA p\u00ebr ANTAR\u00ebSIM<\/h2>\n\n\n\n<p>P\u00ebr fitimin e statusit si antar\u00eb i p\u00ebrhersh\u00ebm personat juridik dhe fizik b\u00ebjn\u00eb k\u00ebrk\u00ebs n\u00eb form\u00eb t\u00eb shkruar deri te k\u00ebshilli drejtues i burs\u00ebs. N\u00eb baz\u00eb t\u00eb dor\u00ebzimit te dokumenteve k\u00ebshilli drejtues me p\u00eblqimin e drejtorit sjell vendimin p\u00ebr fitimin e statusit antar\u00eb i p\u00ebrhersh\u00ebm i burs\u00ebs. Antar\u00ebt e p\u00ebrhersh\u00ebm t\u00eb burs\u00ebs kan\u00eb t\u00eb drejt\u00eb t\u00eb marrin pjes\u00eb n\u00eb mbledhjet e burs\u00ebs, te b\u00ebjne pun\u00eb bursore, t\u00eb shfryt\u00ebzojn\u00eb informacione marketingu, t\u00eb shfryt\u00ebzojn\u00eb lloje t\u00eb ndryshme t\u00eb subvencioneve dhe t\u00eb tjera, t\u00eb shfryt\u00ebzojne informacione nga k\u00ebshilli drejtues, kan\u00eb t\u00eb drejt\u00eb p\u00ebr provizionin e prodhimeve t\u00eb pa shitura, si dhe shfryt\u00ebzimin e potencialit p\u00ebr zhvillimin e investimeve dhe kan\u00eb t\u00eb drejta tjera dhe detyrime.<\/p>\n<\/div>\n\n\n\n<div class=\"wp-block-column is-layout-flow wp-block-column-is-layout-flow\">\n<h2 class=\"wp-block-heading\">Antar\u00eb i P\u00ebrkohsh\u00ebm<\/h2>\n\n\n\n<p>Ka t\u00eb drejt\u00eb t\u00eb marr\u00eb pjes\u00eb n\u00eb mbledhjet e burs\u00ebs dhe t\u00eb b\u00ebj pun\u00eb bursore si dhe t\u00eb shfryt\u00ebzoj informacione p\u00ebr pun\u00ebt e p\u00ebrkohshme t\u00eb burs\u00ebs.<\/p>\n\n\n\n<p>Antar\u00ebt e p\u00ebrkohsh\u00ebm me lutjen e tyre i pranon drejtori i burs\u00ebs. Antarsija, provizioni i burs\u00ebs dhe provizionet tjera p\u00ebr pun\u00ebn e b\u00ebr\u00eb t\u00eb cilat antar\u00ebt e burs\u00ebs jan\u00eb t\u00eb detyruar t\u00eb paguajne, do t\u00eb v\u00ebrtetohen n\u00ebp\u00ebrmjet baz\u00ebs t\u00eb llojit dhe sasis\u00eb t\u00eb prodhimeve, lloj dhe puna e b\u00ebr\u00eb, si dhe harxhimet qe vendosen me metodat p\u00ebr pun\u00ebn n\u00eb burs\u00eb.<\/p>\n<\/div>\n<\/div>\n","protected":false},"excerpt":{"rendered":"<p>Rreth NP Agro berza Formimi i burs\u00ebs s\u00eb par\u00eb bujq\u00ebsore t\u00eb maqedonis\u00eb erdhi si rezultat i ndryshimeve thelb\u00ebsore shoq\u00ebrore ekonomike dhe politike dhe pavarsis\u00eb s\u00eb Republik\u00ebs t\u00eb Maqedonis\u00eb n\u00eb fillimin e viteve 90-ta. N\u00eb pajtim me orientimin kah kushtet e pun\u00ebs s\u00eb tregtis N.P. p\u00ebr pun\u00eb t\u00eb burs\u00ebs AGRO-BERZA Shkup \u00ebsht\u00eb formuar nga ligji baz\u00eb [&hellip;]<\/p>\n","protected":false},"author":1,"featured_media":0,"parent":0,"menu_order":0,"comment_status":"closed","ping_status":"closed","template":"","meta":{"footnotes":""},"class_list":["post-23","page","type-page","status-publish","hentry"],"_links":{"self":[{"href":"https:\/\/agroberza.com.mk\/alb\/index.php?rest_route=\/wp\/v2\/pages\/23","targetHints":{"allow":["GET"]}}],"collection":[{"href":"https:\/\/agroberza.com.mk\/alb\/index.php?rest_route=\/wp\/v2\/pages"}],"about":[{"href":"https:\/\/agroberza.com.mk\/alb\/index.php?rest_route=\/wp\/v2\/types\/page"}],"author":[{"embeddable":true,"href":"https:\/\/agroberza.com.mk\/alb\/index.php?rest_route=\/wp\/v2\/users\/1"}],"replies":[{"embeddable":true,"href":"https:\/\/agroberza.com.mk\/alb\/index.php?rest_route=%2Fwp%2Fv2%2Fcomments&post=23"}],"version-history":[{"count":3,"href":"https:\/\/agroberza.com.mk\/alb\/index.php?rest_route=\/wp\/v2\/pages\/23\/revisions"}],"predecessor-version":[{"id":133,"href":"https:\/\/agroberza.com.mk\/alb\/index.php?rest_route=\/wp\/v2\/pages\/23\/revisions\/133"}],"wp:attachment":[{"href":"https:\/\/agroberza.com.mk\/alb\/index.php?rest_route=%2Fwp%2Fv2%2Fmedia&parent=23"}],"curies":[{"name":"wp","href":"https:\/\/api.w.org\/{rel}","templated":true}]}}